{"id":68,"date":"2021-01-26T22:14:41","date_gmt":"2021-01-26T22:14:41","guid":{"rendered":"http:\/\/kindervoneden.de\/?page_id=68"},"modified":"2021-01-29T14:23:20","modified_gmt":"2021-01-29T14:23:20","slug":"impressum","status":"publish","type":"page","link":"https:\/\/kindervoneden.de\/?page_id=68","title":{"rendered":"Impressum"},"content":{"rendered":"\n<p>KINDERVONEDEN &#8211; B\u00fcro f\u00fcr Medien<br>Dominik Empl<br>Titusstr. 2<br>50678 K\u00f6ln<br><br>0175 160 47 32<br><br>info -a- kindervoneden.de<br>www.kindervoneden.de<br><br><a rel=\"noreferrer noopener\" href=\"https:\/\/www.facebook.com\/kindervoneden\/\" target=\"_blank\">KINDERVONEDEN auf Facebook<\/a><br><br>Umsatzsteuer-Identifikationsnummer gem\u00e4\u00df \u00a7 27 a Umsatzsteuergesetz: DE84081367293<br><br>Inhaltlich Verantwortlicher gem\u00e4\u00df \u00a7 10 Absatz 3 MDStV: Dominik Empl (Anschrift wie oben)<br><br><\/p>\n\n\n\n<p>URHEBERRECHTSVERMERK<\/p>\n\n\n\n<p>Die Inhalte auf dieser Website sind urheberrechtlich gesch\u00fctzt. Sofern nicht anders vermerkt, ist f\u00fcr die Verwendung, Weitergabe oder Auswertung der Dokumente, Grafiken und und anderer Inhalte dieser Website die schriftlichen Genehmigung durch den Autor und Betreiber dieser Website erforderlich.<br><br><\/p>\n\n\n\n<p>HAFTUNGSAUSSCHLUSS<\/p>\n\n\n\n<p>Der Autor und Betreiber dieser Website \u00fcbernimmt keinerlei Gew\u00e4hr f\u00fcr die Aktualit\u00e4t, Korrektheit, Vollst\u00e4ndigkeit oder Qualit\u00e4t der bereitgestellten Informationen. Jegliche Haftungsanspr\u00fcche sind grunds\u00e4tzlich ausgeschlossen, sofern seitens des Autors und Betreibers dieser Website kein nachweislich vors\u00e4tzliches oder grob fahrl\u00e4ssiges Verschulden vorliegt. Der Autor und Betreiber ist f\u00fcr die eigenen Inhalte auf dieser Website rechtlich verantwortlich. Von diesen eigenen Inhalten sind Querverweise (&#8220;externe Links&#8221;) auf die Inhalte anderer Anbieter zu unterscheiden. F\u00fcr diese verlinkten fremden Inhalte schlie\u00dft der Autor und Betreiber dieser Website ausdr\u00fccklich jegliche Haftungsanspr\u00fcche aus. Dieser Haftungsausschluss ist als Teil des Internetangebotes zu betrachten, von dem aus auf diese Seite verwiesen wurde.<\/p>\n","protected":false},"excerpt":{"rendered":"<p>KINDERVONEDEN &#8211; B\u00fcro f\u00fcr MedienDominik EmplTitusstr. 250678 K\u00f6ln 0175 160 47 32 info -a- kindervoneden.dewww.kindervoneden.de KINDERVONEDEN auf Facebook Umsatzsteuer-Identifikationsnummer gem\u00e4\u00df \u00a7 27 a Umsatzsteuergesetz: DE84081367293 Inhaltlich Verantwortlicher gem\u00e4\u00df \u00a7 10 Absatz 3 MDStV: Dominik Empl (Anschrift wie oben) URHEBERRECHTSVERMERK Die Inhalte auf dieser Website sind urheberrechtlich gesch\u00fctzt. Sofern nicht anders vermerkt, ist f\u00fcr die Verwendung, [&hellip;]<\/p>\n","protected":false},"author":1,"featured_media":0,"parent":0,"menu_order":0,"comment_status":"closed","ping_status":"closed","template":"","meta":{"footnotes":""},"class_list":["post-68","page","type-page","status-publish","hentry"],"_links":{"self":[{"href":"https:\/\/kindervoneden.de\/index.php?rest_route=\/wp\/v2\/pages\/68","targetHints":{"allow":["GET"]}}],"collection":[{"href":"https:\/\/kindervoneden.de\/index.php?rest_route=\/wp\/v2\/pages"}],"about":[{"href":"https:\/\/kindervoneden.de\/index.php?rest_route=\/wp\/v2\/types\/page"}],"author":[{"embeddable":true,"href":"https:\/\/kindervoneden.de\/index.php?rest_route=\/wp\/v2\/users\/1"}],"replies":[{"embeddable":true,"href":"https:\/\/kindervoneden.de\/index.php?rest_route=%2Fwp%2Fv2%2Fcomments&post=68"}],"version-history":[{"count":5,"href":"https:\/\/kindervoneden.de\/index.php?rest_route=\/wp\/v2\/pages\/68\/revisions"}],"predecessor-version":[{"id":106,"href":"https:\/\/kindervoneden.de\/index.php?rest_route=\/wp\/v2\/pages\/68\/revisions\/106"}],"wp:attachment":[{"href":"https:\/\/kindervoneden.de\/index.php?rest_route=%2Fwp%2Fv2%2Fmedia&parent=68"}],"curies":[{"name":"wp","href":"https:\/\/api.w.org\/{rel}","templated":true}]}}

<p>KINDERVONEDEN &#8211; Büro für Medien<br>Dominik Empl<br>Titusstr. 2<br>50678 Köln<br><br>0175 160 47 32<br><br>info -a- kindervoneden.de<br>www.kindervoneden.de<br><br><a rel="noreferrer noopener" href="https://www.facebook.com/kindervoneden/" target="_blank">KINDERVONEDEN auf Facebook</a><br><br>Umsatzsteuer-Identifikationsnummer gemäß § 27 a Umsatzsteuergesetz: DE84081367293<br><br>Inhaltlich Verantwortlicher gemäß § 10 Absatz 3 MDStV: Dominik Empl (Anschrift wie oben)<br><br></p>



<p>URHEBERRECHTSVERMERK</p>



<p>Die Inhalte auf dieser Website sind urheberrechtlich geschützt. Sofern nicht anders vermerkt, ist für die Verwendung, Weitergabe oder Auswertung der Dokumente, Grafiken und und anderer Inhalte dieser Website die schriftlichen Genehmigung durch den Autor und Betreiber dieser Website erforderlich.<br><br></p>



<p>HAFTUNGSAUSSCHLUSS</p>



<p>Der Autor und Betreiber dieser Website übernimmt keinerlei Gewähr für die Aktualität, Korrektheit, Vollständigkeit oder Qualität der bereitgestellten Informationen. Jegliche Haftungsansprüche sind grundsätzlich ausgeschlossen, sofern seitens des Autors und Betreibers dieser Website kein nachweislich vorsätzliches oder grob fahrlässiges Verschulden vorliegt. Der Autor und Betreiber ist für die eigenen Inhalte auf dieser Website rechtlich verantwortlich. Von diesen eigenen Inhalten sind Querverweise (&#8220;externe Links&#8221;) auf die Inhalte anderer Anbieter zu unterscheiden. Für diese verlinkten fremden Inhalte schließt der Autor und Betreiber dieser Website ausdrücklich jegliche Haftungsansprüche aus. Dieser Haftungsausschluss ist als Teil des Internetangebotes zu betrachten, von dem aus auf diese Seite verwiesen wurde.</p>

<p>KINDERVONEDEN &#8211; Büro für MedienDominik EmplTitusstr. 250678 Köln 0175 160 47 32 info -a- kindervoneden.dewww.kindervoneden.de KINDERVONEDEN auf Facebook Umsatzsteuer-Identifikationsnummer gemäß § 27 a Umsatzsteuergesetz: DE84081367293 Inhaltlich Verantwortlicher gemäß § 10 Absatz 3 MDStV: Dominik Empl (Anschrift wie oben) URHEBERRECHTSVERMERK Die Inhalte auf dieser Website sind urheberrechtlich geschützt. Sofern nicht anders vermerkt, ist für die Verwendung, [&hellip;]</p>
