{"id":10,"date":"2021-01-26T20:56:07","date_gmt":"2021-01-26T20:56:07","guid":{"rendered":"http:\/\/kindervoneden.de\/?page_id=10"},"modified":"2024-01-25T10:37:42","modified_gmt":"2024-01-25T10:37:42","slug":"10-2","status":"publish","type":"page","link":"https:\/\/kindervoneden.de\/?page_id=10","title":{"rendered":"Philosophie"},"content":{"rendered":"<div class=\"wp-block-image\">\n<figure class=\"alignleft size-large\"><img loading=\"lazy\" decoding=\"async\" width=\"900\" height=\"700\" src=\"http:\/\/kindervoneden.de\/wp-content\/uploads\/2021\/01\/ueber_KVE_Website-1.jpg\" alt=\"\" class=\"wp-image-97\" srcset=\"https:\/\/kindervoneden.de\/wp-content\/uploads\/2021\/01\/ueber_KVE_Website-1.jpg 900w, https:\/\/kindervoneden.de\/wp-content\/uploads\/2021\/01\/ueber_KVE_Website-1-300x233.jpg 300w, https:\/\/kindervoneden.de\/wp-content\/uploads\/2021\/01\/ueber_KVE_Website-1-768x597.jpg 768w\" sizes=\"auto, (max-width: 900px) 100vw, 900px\" \/><\/figure><\/div>\n\n\n<p style=\"font-size:25px\"><strong>PHILOSOPHIE<\/strong><\/p>\n\n\n\n<p>Herzlich Willkommen. Mein Name ist Dominik und ich bin im Bereich des Kommunikationsdesigns t\u00e4tig. Und das, so hoffe ich, auch bald f\u00fcr Sie. Schwerpunktm\u00e4\u00dfig bewege ich mich im Bereich der gedruckten Medien, alle anderen Formen sind mir jedoch nicht unbekannt. Mein Augenmerk liegt dabei eher auf funktionellem, gradlinigem Design. Viel Schnickschnack, der vom eigentlichen Ziel und der gew\u00fcnschten Aussage ablenkt, ist nicht mein Fall.<br>Gerne arbeite ich auch mit kleinen und mittelgro\u00dfen Unternehmen zusammen, denn ich bin begeistert von Menschen, die so sind wie ich. Die etwas anpacken, die Ihre Visionen und Tr\u00e4ume umsetzen wollen.<\/p>\n\n\n\n<p>Aus diesem Grund ist mir ein individuelles, ganz auf Ihre Bed\u00fcrfnisse abgestimmtes Produkt sehr wichtig. Die Kommunikation halte ich stets hoch und gehe dabei gerne auf Ihre W\u00fcnsche und Vorstellungen ein, ohne dabei meine eigene Handschrift aus den Augen zu verlieren.<br><\/p>\n\n\n\n<p style=\"font-size:25px\"><strong>KUNDEN<\/strong><\/p>\n\n\n\n<p>ago Sport<br>ASICS<br>Burns Production Tonstudio<br>choices &#8211; MeinungsMagazin<br>Cologne Centurions<br>Cologne Falcons<br>Filmhaus K\u00f6ln<br>GreenGate GmbH<br>Kr\u00fcger GmbH &amp; Co. KG<br>Leo Leo Vintage<br>M\u00e4rchenkompanie<br>MyoGym Physiotherapie<br>New Era Cap<br>Personal Trainer Diego Silva<br>PlayPaintball.de<br>Pokalkoenig.de<br>Region K\u00f6ln\/Bonn e.V.<br>SPF GmbH<br>Spodeco GmbH<br>Stetson Europe<br>Vocal Coach Stefanie Rehrmann<\/p>\n","protected":false},"excerpt":{"rendered":"<p>PHILOSOPHIE Herzlich Willkommen. Mein Name ist Dominik und ich bin im Bereich des Kommunikationsdesigns t\u00e4tig. Und das, so hoffe ich, auch bald f\u00fcr Sie. Schwerpunktm\u00e4\u00dfig bewege ich mich im Bereich der gedruckten Medien, alle anderen Formen sind mir jedoch nicht unbekannt. Mein Augenmerk liegt dabei eher auf funktionellem, gradlinigem Design. Viel Schnickschnack, der vom eigentlichen [&hellip;]<\/p>\n","protected":false},"author":1,"featured_media":0,"parent":0,"menu_order":0,"comment_status":"closed","ping_status":"closed","template":"","meta":{"footnotes":""},"class_list":["post-10","page","type-page","status-publish","hentry"],"_links":{"self":[{"href":"https:\/\/kindervoneden.de\/index.php?rest_route=\/wp\/v2\/pages\/10","targetHints":{"allow":["GET"]}}],"collection":[{"href":"https:\/\/kindervoneden.de\/index.php?rest_route=\/wp\/v2\/pages"}],"about":[{"href":"https:\/\/kindervoneden.de\/index.php?rest_route=\/wp\/v2\/types\/page"}],"author":[{"embeddable":true,"href":"https:\/\/kindervoneden.de\/index.php?rest_route=\/wp\/v2\/users\/1"}],"replies":[{"embeddable":true,"href":"https:\/\/kindervoneden.de\/index.php?rest_route=%2Fwp%2Fv2%2Fcomments&post=10"}],"version-history":[{"count":25,"href":"https:\/\/kindervoneden.de\/index.php?rest_route=\/wp\/v2\/pages\/10\/revisions"}],"predecessor-version":[{"id":166,"href":"https:\/\/kindervoneden.de\/index.php?rest_route=\/wp\/v2\/pages\/10\/revisions\/166"}],"wp:attachment":[{"href":"https:\/\/kindervoneden.de\/index.php?rest_route=%2Fwp%2Fv2%2Fmedia&parent=10"}],"curies":[{"name":"wp","href":"https:\/\/api.w.org\/{rel}","templated":true}]}}